 divided by 25.
22
What is the remainder when 1725 is divided by 48?
45
Calculate the remainder when 15697 is divided by 94.
93
What is the remainder when 129 is divided by 33?
30
Calculate the remainder when 47 is divided by 30.
17
What is the remainder when 738 is divided by 97?
59
What is the remainder when 226 is divided by 71?
13
What is the remainder when 225 is divided by 6?
3
What is the remainder when 145 is divided by 47?
4
Calculate the remainder when 439 is divided by 17.
14
Calculate the remainder when 21525 is divided by 19.
17
Calculate the remainder when 212 is divided by 55.
47
What is the remainder when 375 is divided by 51?
18
What is the remainder when 1916 is divided by 32?
28
Calculate the remainder when 185 is divided by 51.
32
Calculate the remainder when 1471 is divided by 46.
45
What is the remainder when 418 is divided by 48?
34
Calculate the remainder when 16 is divided by 12.
4
What is the remainder when 260 is divided by 142?
118
Calculate the remainder when 2892 is divided by 408.
36
Calculate the remainder when 2153 is divided by 98.
95
What is the remainder when 291 is divided by 75?
66
Calculate the remainder when 25 is divided by 17.
8
What is the remainder when 764 is divided by 200?
164
What is the remainder when 570 is divided by 224?
122
What is the remainder when 360 is divided by 70?
10
Calculate the remainder when 2220 is divided by 49.
15
Calculate the remainder when 3814 is divided by 106.
104
Calculate the remainder when 450 is divided by 46.
36
What is the remainder when 4309 is divided by 30?
19
Calculate the remainder when 471 is divided by 79.
76
Calculate the remainder when 125 is divided by 36.
17
Calculate the remainder when 1639 is divided by 53.
49
What is the remainder when 16 is divided by 10?
6
What is the remainder when 1471 is divided by 59?
55
Calculate the remainder when 853 is divided by 19.
17
Calculate the remainder when 14526 is divided by 73.
72
Calculate the remainder when 27 is divided by 11.
5
Calculate the remainder when 1763 is divided by 254.
239
Calculate the remainder when 814 is divided by 351.
112
What is the remainder when 643 is divided by 158?
11
Calculate the remainder when 1127 is divided by 19.
6
Calculate the remainder when 91 is divided by 43.
5
Calculate the remainder when 109 is divided by 10.
9
Calculate the remainder when 1126 is divided by 232.
198
What is the remainder when 518 is divided by 64?
6
Calculate the remainder when 285 is divided by 17.
13
What is the remainder when 191 is divided by 100?
91
Calculate the remainder when 1262 is divided by 96.
14
Calculate the remainder when 7346 is divided by 79.
78
What is the remainder when 1889 is divided by 27?
26
Calculate the remainder when 77 is divided by 5.
2
Calculate the remainder when 261 is divided by 60.
21
Calculate the remainder when 422 is divided by 102.
14
What is the remainder when 52 is divided by 27?
25
Calculate the remainder when 182 is divided by 87.
8
Calculate the remainder when 510 is divided by 16.
14
Calculate the remainder when 2799 is divided by 397.
20
What is the remainder when 545 is divided by 160?
65
What is the remainder when 358 is divided by 11?
6
Calculate the remainder when 390 is divided by 387.
3
What is the remainder when 177 is divided by 78?
21
What is the remainder when 3640 is divided by 152?
144
What is the remainder when 1456 is divided by 27?
25
What is the remainder when 16859 is divided by 10?
9
What is the remainder when 110 is divided by 30?
20
Calculate the remainder when 762 is divided by 351.
60
What is the remainder when 322 is divided by 13?
10
Calculate the remainder when 28 is divided by 25.
3
What is the remainder when 322 is divided by 19?
18
Calculate the remainder when 9364 is divided by 86.
76
Calculate the remainder when 29 is divided by 12.
5
Calculate the remainder when 408 is divided by 46.
40
Calculate the remainder when 6714 is divided by 28.
22
Calculate the remainder when 902 is divided by 76.
66
Calculate the remainder when 1259 is divided by 42.
41
Calculate the remainder when 835 is divided by 76.
75
Calculate the remainder when 1836 is divided by 20.
16
What is the remainder when 922 is divided by 7?
5
What is the remainder when 567 is divided by 142?
141
What is the remainder when 71 is divided by 15?
11
Calculate the remainder when 226 is divided by 58.
52
What is the remainder when 1068 is divided by 37?
32
What is the remainder when 173 is divided by 167?
6
Calculate the remainder when 1181 is divided by 32.
29
Calculate the remainder when 1823 is divided by 4.
3
What is the remainder when 3112 is divided by 35?
32
What is the remainder when 85114 is divided by 41?
39
Calculate the remainder when 311 is divided by 61.
6
Calculate the remainder when 183 is divided by 94.
89
Calculate the remainder when 1026 is divided by 54.
0
What is the remainder when 857 is divided by 22?
21
What is the remainder when 426 is divided by 61?
60
Calculate the remainder when 397 is divided by 41.
28
Calculate the remainder when 1370 is divided by 28.
26
Calculate the remainder when 482 is divided by 5.
2
What is the remainder when 2355 is divided by 21?
3
What is the remainder when 214 is divided by 16?
6
What is the remainder when 111 is divided by 28?
27
What is the remainder when 42 is divided by 7?
0
What is the remainder when 1139 is divided by 44?
39
Calculate the remainder when 881 is divided by 63.
62
What is the remainder when 2062 is divided by 11?
5
What is the remainder when 731 is divided by 12?
11
Calculate the remainder when 1224 is divided by 35.
34
What is the remainder when 15174 is divided by 28?
26
Calculate the remainder when 126 is divided by 5.
1
Calculate the remainder when 97 is divided by 14.
13
What is the remainder when 402 is divided by 5?
2
Calculate the remainder when 134 is divided by 82.
52
What is the remainder when 102 is divided by 42?
18
Calculate the remainder when 587 is divided by 33.
26
What is the remainder when 195 is divided by 128?
67
Calculate the remainder when 49 is divided by 31.
18
What is the remainder when 653 is divided by 163?
1
What is the remainder when 3249 is divided by 644?
29
Calculate the remainder when 4513 is divided by 119.
110
What is the remainder when 1202 is divided by 18?
14
What is the remainder when 89 is divided by 28?
5
Calculate the remainder when 318 is divided by 71.
34
Calculate the remainder when 190 is divided by 48.
46
What is the remainder when 14 is divided by 12?
2
Calculate the remainder when 7940 is divided by 169.
166
What is the remainder when 1400 is divided by 77?
14
Calculate the remainder when 104 is divided by 77.
27
Calculate the remainder when 200 is divided by 53.
41
What is the remainder when 51 is divided by 27?
24
Calculate the remainder when 1980 is divided by 15.
0
What is the remainder when 1111 is divided by 28?
19
What is the remainder when 60 is divided by 37?
23
Calculate the remainder when 353 is divided by 57.
11
What is the remainder when 3768 is divided by 37?
31
Calculate the remainder when 222 is divided by 25.
22
Calculate the remainder when 694 is divided by 241.
212
What is the remainder when 122 is divided by 66?
56
What is the remainder when 81 is divided by 7?
4
Calculate the remainder when 159 is divided by 82.
77
Calculate the remainder when 657 is divided by 42.
27
What is the remainder when 268 is divided by 23?
15
What is the remainder when 314 is divided by 32?
26
Calculate the remainder when 48 is divided by 27.
21
Calculate the remainder when 58463 is divided by 82.
79
What is the remainder when 5409 is divided by 12?
9
Calculate the remainder when 59 is divided by 10.
9
What is the remainder when 824 is divided by 92?
88
What is the remainder when 4518 is divided by 119?
115
Calculate the remainder when 190 is divided by 40.
30
Calculate the remainder when 755 is divided by 6.
5
Calculate the remainder when 93 is divided by 79.
14
Calculate the remainder when 114 is divided by 46.
22
What is the remainder when 815 is divided by 12?
11
Calculate the remainder when 1846 is divided by 154.
152
What is the remainder when 33513 is divided by 252?
249
Calculate the remainder when 102 is divided by 44.
14
Calculate the remain